11 - 5. Suppose 5*h + 3*p = 20, 0 = -5*h - 4*p + 21 - j. Suppose -z - 11 = -3*a - a, 3*z + a = -h. Let f(y) = y**2 + 2. Give f(z).
11
Let o = -6 + 12. Let a(v) = -v**2 + 6*v - 3. Let k(f) = -f**2. Let p(g) = -4*g**2 - 7*g + 4. Let m(y) = 5*k(y) - p(y). Let h(j) = o*a(j) - 5*m(j). What is h(0)?
2
Suppose -2*a + 3*a - 5*k = 3, 0 = -4*a - 2*k + 12. Let h = -12 + 18. Let j(i) = 2*i - h*i + 4 + 2*i. Give j(a).
-2
Let j(x) be the second derivative of 0 - 2*x + 1/2*x**3 + 3*x**2. Calculate j(-4).
-6
Let r(z) = -8*z - 2. Let x be r(-1). Let o(c) = 1 + 0*c - c + x. Suppose -3*s + 7 + 8 = 0. What is o(s)?
2
Let k(z) = z**3 + 3*z**2 + 3*z + 1. Let j = 3 - -3. Let i = 3 - j. Give k(i).
-8
Let w(g) = -g**3 - 12*g**2 - 14*g - 13. Let y be w(-11). Let a be 10/(-4)*(-8)/y. Let p(m) = 6*m + 1. What is p(a)?
7
Let j(p) be the second derivative of p**5/120 + 7*p**4/24 - p**3/2 + p. Let q(c) be the second derivative of j(c). Determine q(-6).
1
Let n(a) = -3*a + 43. Let i be n(13). Let o(f) be the first derivative of -4/3*f**3 - 1/4*f**4 - 2*f**2 - i*f - 2. Give o(-3).
-1
Let z(k) be the second derivative of k**5/20 + k**4/2 + 7*k**3/6 + 5*k**2/2 + k. Determine z(-5).
-5
Let s(j) = j**3 + 3*j**2 - 3*j + 3. Let y(l) be the third derivative of l**6/120 - l**5/10 - l**4/12 + 4*l**3/3 - 4*l**2. Let t be y(6). Give s(t).
-1
Suppose 2*m - 5*m = 9. Let s(h) be the first derivative of -h**4/4 - 2*h**3/3 - 4*h - 1. Determine s(m).
5
Let z(k) be the third derivative of -k**6/40 - k**5/30 + k**3/6 + 33*k**2. Give z(1).
-4
Let n(q) = -27*q**3 + q**2 + q - 1. Let w = 114 + -113. Calculate n(w).
-26
Let t = -11 - -11. Let k be (t - 6/(-9))*3. Let x(q) = q. Determine x(k).
2
Let r(c) = c**2. Let k(a) = -a**2 - 5*a + 5. Let w(p) = -k(p) - 2*r(p). Calculate w(5).
-5
Let l(j) = -5*j**3 + 10*j**2 - 3*j - 8. Suppose -4*k + 5 = -3*k. Let u(t) = 4*t**3 - 9*t**2 + 2*t + 7. Let z(m) = k*l(m) + 6*u(m). Calculate z(-3).
2
Let j(v) = 4*v**3 + v + 9 + 10*v**2 - v**3 - 2*v**3. Let g be j(-10). Let f(o) = 33 - 21 - 13 - 6*o. Give f(g).
5
Let i(a) = -a + 7*a**2 - 12*a**2 + 9*a**2 - a**3 + 0*a**3. Let b(p) be the second derivative of 5*p**4/12 - p**2/2 - 3*p. Let g be b(1). Calculate i(g).
-4
Let h be ((-4)/(-6))/((-2)/(-3)). Let u(d) = d**2 - 9*d + 11. Let k be u(8). Let y(v) = v**k - 22*v**2 + 22*v**2 - v. What is y(h)?
0
Let h(g) be the first derivative of -g**3/3 - 2*g**2 - g - 3. Give h(-5).
-6
Suppose -4*h - 3 = 4*l + 1, 3*l - 3*h - 9 = 0. Let t(m) = 1 + 0 + 6*m - m. Calculate t(l).
6
Let d be 0 + 0 - (-4 + -1). Let v(h) be the third derivative of 0 + 7/6*h**3 + 0*h + 2*h**2 - 1/12*h**4. Give v(d).
-3
Let d(a) be the third derivative of 5*a**4/24 - a**2. Suppose 4 = 4*f - 2*c, 0 = 2*f + 3*f + 4*c + 21. Determine d(f).
-5
Let r(n) = n - 2. Let m = -10 + 13. Suppose 7 = m*a - 2. Determine r(a).
1
Let k(b) = b**2 + b + 5. Let a(m) = -1. Let i(z) = -6*a(z) - 2*k(z). Determine i(-3).
-16
Let p be ((-70)/4)/7*-2. Let f be (-76)/20 + (-1)/p. Let x(d) = d**3 + 4*d**2 - d + 4. Calculate x(f).
8
Let o(u) = u**3 - 9*u**2 - u + 7. Let b be o(9). Let r = -3 - b. Let t(n) = -11*n**2. Give t(r).
-11
Let w(n) = -n**3 + 5*n**2 - 2*n - 2. Suppose 0 = -5*l + 6 + 4. What is w(l)?
6
Let l(q) = -q**2 - 10 + 2*q - 7 + 23. Determine l(6).
-18
Let x(z) = -7*z**2 + 5*z + 6. Let r(y) = -y**2 + 1. Let a(f) = -6*r(f) + x(f). What is a(3)?
6
Let k(r) be the second derivative of 3*r + 2/3*r**3 + 1/12*r**4 + 0 - 1/2*r**2. Determine k(-3).
-4
Let i be 2/(-1) - -1*2. Suppose i = -2*o + 5 - 1. Suppose 7*t = o*t. Let c(q) = -q + 5. Calculate c(t).
5
Suppose -2*u = 3*g - 0*u - 4, 10 = 4*g - 2*u. Suppose 2*b + 6*l - 2*l = -12, 4*l - g = 5*b. Let h(s) = -2 + 3 + 2 - 4 - s. Calculate h(b).
1
Let m = 19 + -24. Let o(s) = s**3 + 5*s**2 + s - 1. What is o(m)?
-6
Let i(p) = -3*p + 1. Suppose 0 = k + 5*b - 1, 4*b - 2 = -k. Let x be ((-2)/(-3))/((-4)/k). Give i(x).
4
Let p(m) = m**2 + 2*m. Let w = -6 - -6. Suppose 5*v = -3*f + 124, 6*v - 3*v - 2*f - 82 = w. Suppose 0 = -5*t - v + 6. Calculate p(t).
8
Let p be (-6)/4*(-8)/(-3). Let j(k) be the first derivative of -2/3*k**3 + 2 - 7/2*k**2 - 5*k. Calculate j(p).
-9
Let j(y) = -y**3 + 7*y**2 - 5*y - 10. Let t be j(5). Let p(g) = -g**2 + 16*g - 21. Let r be p(t). Let x(f) = -f**3 - 7*f**2 - 6*f + 4. Calculate x(r).
4
Let m(j) = -1 - 5*j**3 - j**2 + 19*j - 17*j + j**3 - j**2. Determine m(1).
-5
Let d be -2 + (-1 - (-6)/2). Let o(j) = j**2 - 6. Give o(d).
-6
Let j(q) = -q**2 - 3*q + 2. Let i(m) = -m + 5. Let y(s) = s - 4. Let l(h) = -4*i(h) - 5*y(h). Let g be l(2). What is j(g)?
4
Let w be 10/6 - 18/27. Let t = 5 + w. Let x(z) be the first derivative of -z**2/2 + 6*z - 1. Calculate x(t).
0
Suppose 5*t - 16 = 19. Let f(k) = 6*k + 5. Let x(v) = 5*v + 5. Let g(w) = 51*w + 51. Let a(u) = -2*g(u) + 21*x(u). Let z(s) = t*a(s) - 4*f(s). Give z(-2).
7
Let c(p) be the second derivative of p**8/6720 + p**7/1260 - p**6/360 + p**5/120 - p**4/6 - 4*p. Let x(o) be the third derivative of c(o). Determine x(-2).
5
Let r(a) = -a**3 + a**2 - 1. Let i be r(1). Let g(o) = -o + 2. Let m(x) = 2*x - 7. Let k(t) = -7*g(t) - 2*m(t). Give k(i).
-3
Let a(j) = j + 1. Suppose 6*t - 2*f - 6 = t, -3*t + 4*f - 2 = 0. What is a(t)?
3
Let s(o) = o**3 - 3*o**2 - 2*o + 1. Let u be (-1)/(2/(-8))*1. Calculate s(u).
9
Let i(x) = x**3 - 6*x**2 + 7*x + 1. Let u = -181 - -186. Give i(u).
11
Let d(s) be the third derivative of s**5/60 + s**4/12 - s**3/2 - s**2. Let b be d(-4). Let f(p) = 2*p**3 + p**3 + 6*p**2 - 4*p**3 - 2 - 6*p. Calculate f(b).
-7
Let l(n) = -3*n - 6. Suppose 4*z - 3*t = z - 3, -5*z + 2*t = -1. Suppose 5*v + 19 + z = 0. Give l(v).
6
Let v(u) be the second derivative of -u**5/20 - u**4/3 + 7*u**3/6 + 2*u**2 - 14*u. Suppose -3*i + 8 = -m, i = -3*m - 2*i - 12. Determine v(m).
-6
Let s(q) be the third derivative of -q**4/24 - 7*q**2. What is s(0)?
0
Let c(w) = 2*w + 4. Suppose 2*i = -20 - 48. Let g be i/(-8) - (-3)/4. Suppose -3*h = -0*h - 4*v - 4, v + 24 = -g*h. Determine c(h).
-4
Let a(j) = -5*j**2 + 5*j - 7. Let b(l) = -6*l**2 + 5*l - 8. Let s(t) = -5*a(t) + 4*b(t). What is s(6)?
9
Let w(p) = -3*p + 1 + p + 2*p**2 - 3*p**2. Let f be w(-3). Let t(m) = 4*m**2 + 3*m. Let v(n) = n**3 - 4*n**2 - 4*n - 1. Let r(y) = 3*t(y) + 2*v(y). Give r(f).
-4
Let h(q) be the first derivative of -q**4/4 - 4*q**3/3 + 7*q**2/2 + 2*q - 1. Suppose 0 = 4*d - 3*v + 11, -2*d + 0*d + v - 7 = 0. Calculate h(d).
-8
Let z(a) be the third derivative of -a**4/24 - 5*a**3/6 + 2*a**2. Let h be (-1 - (-13)/4)*-4. Let i be z(h). Let t(s) = -s**2 + 5*s - 6. What is t(i)?
-2
Let u(c) = -2*c**2 + 5*c - 2. Let q(g) = -2*g**2 + 6*g - 3. Let s(x) = 3*q(x) - 4*u(x). Determine s(2).
3
Let i(c) = -c - 3. Suppose 5*l + 10 = 0, -2*g = 2*l - l - 8. What is i(g)?
-8
Let u(y) = -y**2 + 7*y + 1. Let a be u(6). Let h = 5 - a. Let f(t) = t**2 + 1. Determine f(h).
5
Let c be (12/(-4) + 4)/(-1). Let x be c + 2*(-1 - 0). Let k(y) = y**2 + 4. Give k(x).
13
Let u(w) = -w**3 - 5*w**2 - 2*w - 1. Let k(j) be the third derivative of -j**4/12 + 7*j**3/3 - 2*j**2. Let z be k(13). Let l be (-1)/(1 + 9/z). Calculate u(l).
-9
Let l = -7 - -15. Let r = l - 11. Let h(a) = -3*a - 4. Give h(r).
5
Let b(k) be the third derivative of 7*k**5/60 - 5*k**4/12 - 4*k**3/3 + 2*k**2. Let h(x) = -3*x**2 + 5*x + 4. Let p(o) = 2*b(o) + 5*h(o). Give p(6).
-2
Suppose -5*r + l - 6*l = 15, l = -1. Let q(u) be the third derivative of u**4/12 + u**3/2 - 3*u**2. Determine q(r).
-1
Let l be 15/75 + 9/5. Let i(m) be the second derivative of m**5/20 - m**3/6 + 2*m. Determine i(l).
6
Let r be (-48)/(-9) - (-14)/21. Let l(a) = -a**3 + 6*a**2 - 2*a + 8. What is l(r)?
-4
Let b be ((-4)/(-7))/(2/7). Let s be -1*(b - 3/3). Let z(a) = 0 + 2*a - 1 + 2*a. Calculate z(s).
-5
Let t(f) = f**2 + 12*f - 7. Let w(i) = -i**2 - 13*i + 8. Let l(p) = 4*t(p) + 3*w(p). Determine l(-8).
-12
Suppose 4*i - 3*i + 4 = 0. Let l(m) be the third derivative of 0*m + m**2 + 1/24*m**4 - 5/6*m**3 + 0. What is l(i)?
-9
Let p(j) be the third derivative of -j**6/720 + j**5/120 + j**4/8 - 3*j**2. Let n(r) be the second derivative of p(r). Calculate n(1).
0
Suppose y + y = -12. Let s(n) = -n**3 - 5*n**2 + 7*n. Let h be s(y). Let v(f) be the first derivative of f**2/2 + 5*f - 1. What is v(h)?
-1
Suppose 0 = -4*f - 3*y + 6*y + 35, 4*y = 2*f - 3